9 prime?
False
Is 36028430402 a composite number?
True
Is 888420480073 a prime number?
False
Is 20624509483 composite?
False
Is 2620117261 a prime number?
True
Is 2826630767 a prime number?
False
Is 45403910369 composite?
True
Is 396665122831 composite?
False
Is 18296373283 composite?
False
Is 210078391 a prime number?
False
Is 72798805 a composite number?
True
Is 197858501 a prime number?
True
Is 1900040113 a composite number?
True
Is 17820698213 composite?
True
Is 2303246317 a composite number?
True
Is 284730857 a composite number?
False
Is 213311177 prime?
False
Is 7521609731 prime?
True
Is 7350652891 composite?
False
Is 1965434833 a composite number?
False
Is 9533437583 a prime number?
False
Is 662923727 composite?
True
Is 871287413 composite?
False
Is 3703654519 composite?
True
Is 10249669634 a prime number?
False
Is 1835730467 composite?
True
Is 771732953 prime?
True
Is 816667 composite?
False
Is 783637793321 a prime number?
True
Is 3127943363 composite?
False
Is 828584831 a prime number?
True
Is 5643224657 composite?
True
Is 2968375493 a composite number?
False
Is 512053502 prime?
False
Is 18147833441 a composite number?
False
Is 1505879719 a prime number?
True
Is 10878327629 prime?
False
Is 920118503 prime?
True
Is 405158711 prime?
True
Is 21849320517 a prime number?
False
Is 703347131 prime?
False
Is 49400444101 a prime number?
True
Is 6654203873 a composite number?
True
Is 867553363 a composite number?
False
Is 2155454585 a prime number?
False
Is 54183627647 a prime number?
True
Is 1371399781 composite?
False
Is 13047837799 a composite number?
True
Is 5892281639 composite?
False
Is 607812383 composite?
False
Is 2837452613 composite?
True
Is 18146863363 composite?
True
Is 55325997503 composite?
True
Is 4667619109 prime?
True
Is 9634564039 a prime number?
False
Is 216109733 composite?
True
Is 1004734229 a prime number?
True
Is 11552894693 a prime number?
True
Is 6430918187 a composite number?
True
Is 5266370273 a prime number?
False
Is 2314163977 a composite number?
False
Is 19185548861 prime?
True
Is 296839951 a composite number?
True
Is 26764761241 a prime number?
True
Is 1627045697 a prime number?
True
Is 965817971 prime?
True
Is 1051114213 composite?
True
Is 1235601109 a composite number?
False
Is 2216067809 prime?
True
Is 71440436129 composite?
True
Is 913403911 prime?
False
Is 271385089 a prime number?
False
Is 473569207 composite?
True
Is 26802920747 a prime number?
True
Is 2060035921 composite?
True
Is 80930283991 a composite number?
False
Is 37393200709 prime?
True
Is 5488309439 a composite number?
False
Is 137979487 a composite number?
False
Is 1036311467 composite?
False
Is 7137639029 prime?
True
Is 16901247887 a prime number?
True
Is 666672659 a composite number?
False
Is 54694249157 a composite number?
True
Is 5865471869 composite?
True
Is 14137701703 prime?
True
Is 2497362653 composite?
False
Is 48371639 prime?
True
Is 7072387486 a composite number?
True
Is 2896964303 a composite number?
True
Is 232475983 a prime number?
False
Is 641968783 prime?
True
Is 45593693 composite?
False
Is 11341054993 prime?
True
Is 10755882503 prime?
True
Is 2758506365 prime?
False
Is 202863043 a prime number?
True
Is 39869058143 a prime number?
True
Is 658034497 composite?
False
Is 36474442955 composite?
True
Is 7392982109 a prime number?
True
Is 146704018249 composite?
False
Is 1117842547 a prime number?
False
Is 81690316087 prime?
False
Is 943208009 composite?
False
Is 32541239021 a composite number?
False
Is 24034878403 a prime number?
True
Is 10129592887 composite?
False
Is 3495633851 prime?
False
Is 893860457 a prime number?
False
Is 109347612643 a composite number?
True
Is 8884885501 a prime number?
False
Is 2248044431 prime?
True
Is 26486583289 a prime number?
False
Is 46646597 prime?
False
Is 61332469897 composite?
False
Is 7098855521 a prime number?
False
Is 7395881593 a prime number?
False
Is 1032093497 prime?
True
Is 10869559601 a prime number?
False
Is 16593733481 composite?
True
Is 75001792639 composite?
True
Is 77894744237 composite?
False
Is 1068683277 composite?
True
Is 16792860949 a composite number?
True
Is 6262956323 composite?
True
Is 4390743689 a prime number?
True
Is 27672002663 a composite number?
False
Is 1175152733 composite?
True
Is 2178036929 prime?
True
Is 481744091 a prime number?
True
Is 15935656523 a prime number?
False
Is 9551315681 composite?
False
Is 3479781931 composite?
False
Is 188978081 a prime number?
True
Is 1987483193 composite?
False
Is 40529563 a prime number?
True
Is 45361574669 composite?
False
Is 1264842983 a composite number?
True
Is 21281792141 a composite number?
True
Is 13519211 composite?
False
Is 8213549989 a composite number?
False
Is 99895566491 prime?
False
Is 566887393 prime?
True
Is 139264282871 a composite number?
True
Is 306116819 a prime number?
True
Is 32418943901 composite?
True
Is 1415266087 a prime number?
False
Is 65963779309 prime?
False
Is 30108345299 composite?
False
Is 8049751 prime?
True
Is 71316050867 prime?
True
Is 18100577158 a prime number?
False
Is 5020475087 a composite number?
True
Is 43213040567 prime?
False
Is 39259593671 a composite number?
True
Is 194366647 composite?
False
Is 3163953677 composite?
False
Is 1417726337 a prime number?
False
Is 2744618411 a prime number?
False
Is 1059711259 a composite number?
False
Is 1431664841 a composite number?
False
Is 27290788261 a prime number?
False
Is 3530548907 a prime number?
False
Is 1888699819 prime?
True
Is 60968134727 composite?
False
Is 63120277247 a composite number?
False
Is 22408361207 prime?
False
Is 136328567677 prime?
True
Is 447133769 a prime number?
True
Is 174611033 prime?
True
Is 41320810697 a prime number?
True
Is 42185985649 a prime number?
True
Is 9511060829 composite?
True
Is 127767408653 composite?
False
Is 4440059651 a composite number?
False
Is 4250227577 a composite number?
False
Is 16344932167 composite?
False
Is 46606831 a composite number?
False
Is 1202708539 a prime number?
False
Is 7598181659 a prime number?
False
Is 422823442 a prime number?
False
Is 73371643181 prime?
True
Is 8303910553 a composite number?
True
Is 179162693 a composite number?
True
Is 10137722158 prime?
False
Is 1221377691 prime?
False
Is 8850293693 a composite number?
True
Is 6201207843 prime?
False
Is 26679988007 a composite number?
False
Is 417000431 a prime number?
False
Is 66413155597 a prime number?
True
Is 843080659 prime?
True
Is 3340589819 a composite number?
True
Is 750432827 a composite number?
False
Is 5440383127 prime?
False
Is 2588575001 prime?
True
Is 1216109073 a composite number?
True
Is 127914667411 composite?
True
Is 27479458967 composite?
False
Is 6717459941 composite?
False
Is 51776367 composite?
True
Is 18725753857 a composite number?
False
Is 653746739 a composite number?
True
Is 5464859563 composite?
True
Is 303914437 prime?
True
Is 233065951 a composite number?
True
Is 3066373741 a composite number?
False
Is 169875011 prime?
False
Is 1003585409 prime?
False
Is 1408946359 prime?
True
Is 3699724487 a composite number?
True
Is 1495054237 a composite number?
True
Is 6480080933 prime?
False
Is 384289487 prime?
True
Is 3850050013 a composite number?
False
Is 103817880113 composite?
False
Is 64617757 composite?
False
Is 9656580359 a prime number?
True
Is 1812577873 a prime number?
False
Is 421545431 a prime number?
True
Is 3867220415 a composite number?
True
Is 37108702453 composite?
False
Is 36920053427 a composite number?
False
Is 1804120249 a prime number?
True
Is 10657996759 composite?
True
Is 2797955443 a composite number?
True
Is 6718418393 a composite number?
True
Is 2502463493 a composite number?
True
Is 2899957163 a composite number?
False
Is 1206074729 a composite number?
True
Is 1591565519 prime?
False
Is 1194509957 composite?
True
Is 9266935621 prime?
False
Is 381314057 composite?
True
Is 80826690653 a composite number?
False
Is 7710170167 prime?
False
Is 37633036151 a composite number?
True
Is 1037959787 prime?
False
Is 394754573 a prime number?
True
Is 1480036205 a composite number?
True
Is 585248689 prime?
True
Is 23589620573 prime?
False
Is 3508980355 prime?
False
Is 97877249801 a prime number?
True
Is 14179465115 a prime number?
False
Is 17297689789 a composite number?
False
Is 1689828